ulate the greatest common factor of 7950 and 31270.
530
What is the greatest common divisor of 9438 and 78?
78
Calculate the highest common divisor of 1286541 and 18.
9
Calculate the greatest common factor of 2 and 329879.
1
What is the highest common factor of 1248155 and 107?
107
What is the highest common divisor of 4 and 40398?
2
Calculate the greatest common divisor of 245284 and 1166.
106
Calculate the greatest common divisor of 18 and 28926.
18
What is the greatest common factor of 23 and 87469?
23
What is the highest common divisor of 74175 and 4025?
575
What is the greatest common factor of 3192 and 16264?
152
Calculate the highest common divisor of 780 and 12610.
130
Calculate the highest common divisor of 103460 and 140.
140
What is the greatest common factor of 8920 and 720?
40
Calculate the highest common factor of 39187 and 1052.
263
Calculate the highest common divisor of 36730 and 10.
10
What is the greatest common divisor of 2714 and 16048?
118
Calculate the greatest common divisor of 243 and 2945241.
81
Calculate the highest common divisor of 181332 and 53406.
1242
Calculate the greatest common factor of 567 and 29052.
27
What is the greatest common factor of 2088 and 115304?
232
Calculate the highest common factor of 88128 and 36.
36
What is the highest common divisor of 19 and 1303191?
19
Calculate the highest common divisor of 120 and 631600.
40
What is the highest common divisor of 51 and 1000603?
17
Calculate the highest common factor of 1 and 1237.
1
Calculate the highest common divisor of 11 and 102344.
11
Calculate the highest common factor of 720 and 1182000.
240
Calculate the highest common factor of 12754 and 70.
14
Calculate the greatest common divisor of 1027 and 63154.
13
Calculate the greatest common factor of 73273 and 517.
47
What is the greatest common divisor of 283959 and 1404?
351
What is the greatest common divisor of 1164 and 92247?
291
Calculate the greatest common factor of 3360 and 196.
28
What is the highest common divisor of 2830 and 10?
10
Calculate the highest common divisor of 144 and 250056.
72
Calculate the greatest common factor of 22 and 3091.
11
Calculate the highest common factor of 29156027 and 31.
31
Calculate the greatest common divisor of 587834 and 4784.
598
What is the greatest common factor of 26830 and 70?
10
Calculate the greatest common factor of 1590 and 2010.
30
What is the greatest common divisor of 273 and 4809?
21
What is the greatest common divisor of 43287 and 282?
141
What is the greatest common divisor of 1566 and 6960?
174
Calculate the greatest common divisor of 210 and 2430.
30
What is the greatest common divisor of 8904 and 147?
21
Calculate the greatest common factor of 23646 and 28.
14
What is the greatest common factor of 10870 and 710?
10
What is the greatest common divisor of 94808 and 252?
28
What is the greatest common factor of 481440 and 68?
68
Calculate the greatest common factor of 28 and 131796.
28
What is the highest common divisor of 24 and 1266?
6
What is the greatest common divisor of 856 and 1559204?
428
Calculate the highest common factor of 925 and 550.
25
Calculate the highest common divisor of 458397 and 1922.
961
Calculate the greatest common divisor of 292 and 145562.
146
Calculate the highest common factor of 7052 and 26144.
172
What is the greatest common divisor of 15 and 6474855?
15
Calculate the highest common divisor of 35 and 54971.
7
What is the highest common divisor of 21712 and 64?
16
Calculate the highest common divisor of 93339 and 405.
27
What is the highest common factor of 480 and 46920?
120
Calculate the greatest common divisor of 112413 and 308.
7
Calculate the highest common factor of 3664 and 976.
16
What is the greatest common divisor of 9699 and 18921?
159
Calculate the highest common divisor of 32226 and 8118.
246
What is the highest common divisor of 26838 and 4158?
378
What is the highest common divisor of 175 and 497350?
175
Calculate the highest common divisor of 12 and 165210.
6
What is the greatest common divisor of 43 and 1340783?
43
What is the highest common factor of 1600 and 1450?
50
What is the highest common divisor of 5213 and 13?
13
Calculate the highest common factor of 288786 and 30.
6
What is the greatest common divisor of 41 and 166009?
41
What is the greatest common factor of 40 and 1181720?
40
Calculate the highest common divisor of 493 and 15689.
29
Calculate the highest common divisor of 4300 and 10700.
100
What is the highest common divisor of 899 and 2?
1
Calculate the highest common divisor of 137897 and 365.
73
What is the highest common divisor of 231 and 314769?
21
What is the greatest common factor of 33516 and 3078?
342
What is the highest common divisor of 1133 and 15224?
11
What is the highest common factor of 12 and 1224156?
12
Calculate the highest common divisor of 117 and 95355.
117
What is the greatest common factor of 1070298 and 194?
194
What is the greatest common divisor of 143 and 2049658?
13
What is the highest common factor of 54 and 394?
2
What is the greatest common factor of 55 and 8457020?
55
Calculate the greatest common factor of 111 and 178747.
37
Calculate the highest common divisor of 14529 and 24549.
501
Calculate the highest common divisor of 2236 and 1720.
172
What is the highest common factor of 340 and 406640?
340
What is the highest common factor of 1153480 and 80?
40
What is the greatest common factor of 102 and 425918?
34
Calculate the greatest common factor of 2613 and 741.
39
Calculate the greatest common factor of 39 and 10236.
3
Calculate the highest common factor of 198 and 18579.
33
Calculate the greatest common divisor of 14400 and 23600.
400
What is the highest common divisor of 8691118 and 127?
127
What is the highest common divisor of 12870 and 545610?
390
What is the greatest common factor of 412 and 82606?
206
What is the greatest common factor of 19363 and 2479?
67
Calculate the highest common factor of 340942 and 710.
142
What is the highest common divisor of 101 and 293203?
101
Calculate the greatest common divisor of 532 and 6536.
76
Calculate the highest common divisor of 18912 and 98697.
591
What is the greatest common divisor of 5862330 and 106?
106
What is the greatest common divisor of 6790 and 30?
10
Calculate the greatest common divisor of 8896 and 1251.
139
Calculate the greatest common factor of 15873 and 1287.
429
What is the highest common divisor of 228 and 5753884?
76
What is the highest common divisor of 25860 and 1020?
60
Calculate the highest common divisor of 221613 and 19203.
519
Calculate the highest common divisor of 2620 and 1280.
20
Calculate the greatest common factor of 756 and 1993068.
252
What is the greatest common factor of 622 and 4064770?
622
Calculate the highest common factor of 189 and 428787.
27
What is the highest common divisor of 187 and 9647?
11
What is the greatest common factor of 6123879 and 9?
9
Calculate the highest common divisor of 50796 and 6732.
612
What is the highest common divisor of 3400373 and 1874?
937
What is the highest common divisor of 76846 and 1232?
154
Calculate the greatest common divisor of 210 and 176610.
210
What is the greatest common divisor of 193275 and 3825?
225
What is the greatest common divisor of 23313 and 171?
57
Calculate the greatest common factor of 2942 and 4.
2
What is the greatest common divisor of 3509 and 9570?
319
Calculate the greatest common factor of 36456 and 4061.
31
What is the greatest common divisor of 30 and 161295?
15
What is the highest common factor of 17180 and 420?
20
Calculate the highest common divisor of 190540 and 735.
35
What is the greatest common factor of 3168 and 371232?
288
What is the greatest common divisor of 126 and 49574?
14
What is the greatest common divisor of 723438 and 81?
27
Calculate the highest common divisor of 6525123 and 3036.
759
What is the greatest common factor of 2024 and 17112?
184
What is the greatest common factor of 809289 and 351?
117
Calculate the highest common divisor of 110 and 1666430.
10
What is the greatest common divisor of 201207 and 9?
3
Calculate the highest common divisor of 7016 and 1288.
8
Calculate the greatest common factor of 62 and 639995.
31
Calculate the greatest common factor of 454499 and